mmon factor of 5523 and j?
21
Suppose 5*x + 45*q - 5695 = 44*q, -5690 = -5*x - 2*q. Calculate the highest common factor of 1083 and x.
57
Let i be 1252732/988 - (-1)/19 - 12. What is the highest common divisor of i and 24?
8
Let t = -123 + 125. Suppose 34 + 100 = -t*y. Let j = y - -79. What is the greatest common factor of j and 12?
12
Suppose -10*z + 61 = -629. Suppose 0*v + 4*w = 3*v - 77, 3*v - 5*w = 79. Calculate the greatest common factor of v and z.
23
Let q be 20/30 + (1 - (-8)/6). Suppose -q*n - 20 = 2*n. Let x be (-22)/(-1) - (n + (-14)/(-7)). Calculate the highest common divisor of 192 and x.
24
Suppose -53*m + 136 = -182. Let c be 3759/84 - m/8. What is the highest common factor of c and 396?
44
Suppose -u - 25 + 24 = 0. Let p be (-2 + (u - -2))/(14/616). Let d = p - -57. Calculate the greatest common divisor of d and 169.
13
Suppose -8*u - 763 + 2563 = -3*r, -3*u + r + 674 = 0. What is the greatest common factor of u and 6771?
111
Let a(c) = -c**3 - 82*c**2 + 87*c + 368. Let g be a(-83). Calculate the greatest common divisor of 8442 and g.
18
Suppose -z + 7*z - 6 = 0. Let n be (-1*(4 - 3)*1)/z. Let c be n/(-3) + (-4)/(-36)*33. What is the greatest common divisor of c and 4?
4
Let q = 64653 + -64302. Let h = 22 - 9. Calculate the highest common divisor of h and q.
13
Let z(q) = -q**3 + 6*q**2 + 13*q - 16. Let m be z(8). Let i be (34/m - (-16)/(-40))*-12. What is the greatest common divisor of 10 and i?
5
Suppose -5*b - 4*i = -41, 4*b - 40 = 2*i - 7*i. Suppose -b*s + 41 = 3*t - 40, -s = -4*t + 108. Calculate the greatest common factor of t and 459.
27
Suppose 2*u + 4*r = u - 14, -4*u - 3*r + 9 = 0. Let f = 4 - u. Let b be f*85/(-20)*2. What is the highest common factor of 119 and b?
17
Let a be (-31830)/(-60) + 14/4 + -2. Suppose -q + 5*t = -81, -5*q = -0*q + 5*t - 255. What is the highest common divisor of a and q?
28
Let h(i) = 7*i + 72. Let o be h(9). Let g = o - 89. What is the highest common divisor of g and 437?
23
Suppose -53*x + 258 = -7. Calculate the greatest common factor of x and 33.
1
Let q be 3/(-6)*-5*(-4)/(-5). Suppose -4*r - 7 = -m + 16, -m = -q*r - 9. Let b be (2 - (-42)/r)/((-2)/4). Calculate the greatest common factor of 120 and b.
8
Let h be ((-20335)/(-83))/((-1)/(-31)). What is the highest common factor of h and 35?
35
Let t = -53 - -89. Suppose 0 = -2*n - 2*j + 462, -331*j = -336*j - 15. What is the highest common factor of n and t?
18
Let i = -8344 - -9429. What is the highest common divisor of 35 and i?
35
Let w(r) = -r**3 + 6*r**2 + r - 3. Let i be w(6). Suppose 3*a - 793 = 2*u + 3*u, -3*u = 6. Let x = -249 + a. Calculate the greatest common divisor of x and i.
3
Let s = 58 - 29. What is the greatest common factor of 14 and s?
1
Suppose 4*p = 5*u + 1947, -3*p + u + 803 = -649. What is the greatest common factor of 42 and p?
21
Suppose -4*d = 4*c - 20, 4*c + 9 = 21. Suppose -v - 3*v + 155 = 3*u, -5*u - d*v = -235. Calculate the highest common divisor of u and 90.
45
Suppose -42 = -77781*g + 77779*g. Let o be (-1 - 53)*2/(-4). What is the highest common divisor of o and g?
3
Suppose -702 = -23*x + 954. Suppose -2*r + 39 + 25 = 0. Calculate the greatest common factor of r and x.
8
Let n be (48/8)/((-6405)/1070 - -6). Suppose -2*m - 2 = 5*a, 3 = -2*m - 3*a + 1. Let p be ((-2)/12)/m + n/24. What is the highest common factor of p and 198?
18
Suppose -2*z + 14 = -2*h - 6, h = 2*z - 15. Suppose -z*s + 1545 = 5*a, s + 0*a - 3*a = 321. What is the highest common factor of s and 48?
24
Suppose 8*s = 9469 + 7363. What is the highest common divisor of s and 8?
8
Suppose 314*x = 222*x + 55200. Calculate the greatest common factor of 216 and x.
24
Let c = -219 + 330. What is the greatest common factor of c and 518?
37
Let f = 4018 - 4006. What is the highest common divisor of f and 372?
12
Let u(p) be the first derivative of -5*p**2 - 38*p + 20. Suppose h + 13 = -2*s, h + 9 = -s - 1. Let t be u(h). Calculate the highest common factor of 8 and t.
8
Suppose -11*k = -34 - 10. Suppose k*y - 75 = 285. Let r = -4 + 22. What is the greatest common divisor of r and y?
18
Let z be -20*((-2)/(-1) + -3). Suppose 3*c - 106 = -2*a - 8, 0 = -4*c. Let y = 54 - a. What is the highest common divisor of y and z?
5
Suppose -5*j = 4*z - 101, -4*z = -j - 0*j + 25. Let n = j - 24. Let v be n + 33 + (2 - 2). Calculate the greatest common factor of 6 and v.
6
Suppose 0 = 7953*j - 7944*j - 1710. Let b = -58 - -134. What is the highest common divisor of j and b?
38
Suppose -107*u + 5817 = 1002. What is the highest common factor of u and 63?
9
Let c(n) be the first derivative of -37*n**2/2 + 208*n - 232. Let s be c(5). Calculate the greatest common divisor of s and 851.
23
Let q be (-2)/(-4) + (-325)/(-10). Let s be ((-26)/(-4))/(((-18)/4)/(-9)). Let k be s + (4 - (-2 + 8)). What is the highest common divisor of k and q?
11
Let f be -29*26/(-2639) + 1774/14. What is the greatest common factor of 3683 and f?
127
Let t(o) = 337*o**2 - 10*o + 7. Let r be t(-2). What is the highest common factor of 33 and r?
11
Let j = -106 - -263. Let b = j + -143. Suppose 4*g = k + 165, 8*g + k - 171 = 4*g. What is the highest common factor of b and g?
14
Let r be -1653*-6*(-12)/(-72). What is the greatest common factor of r and 174?
87
Suppose 2832 + 2547 = 163*b. Calculate the greatest common divisor of b and 4675.
11
Let j be -1*((-4 - 2) + 15)/(6/(-186)). What is the greatest common factor of j and 8091?
279
Suppose -v + 12 = 4. Let o(r) = -21*r + r**2 - 20*r - v + 40*r. Let c be o(6). What is the highest common factor of c and 55?
11
Suppose 3*o = -0*o + 15. Let n = 402 + -132. Suppose -o = -5*k + n. What is the greatest common divisor of k and 11?
11
Suppose 0 = -298*n + 22145 + 9145. What is the greatest common factor of 336 and n?
21
Suppose -161*s + 178*s - 119 = 0. Calculate the highest common factor of s and 1883.
7
Let j = 140 - 135. Let f be 5*(-1 + j + 15). Let b = 17 + 21. What is the greatest common factor of f and b?
19
Let q be 249215/20 + (-14)/((-448)/(-24)). Calculate the greatest common divisor of q and 105.
35
Let g = 153 - 13. Let d be (-150)/(-14) - 16/(-56). Suppose -13*m + g = -d*m. What is the greatest common factor of 10 and m?
10
Suppose -328*z + 378*z = 56250. What is the highest common factor of 9 and z?
9
Let u(j) = 3*j**3 - 19*j - 9. Let r be u(4). Let g = r - 104. Let i be 163/5 - 2/(-5). What is the greatest common divisor of g and i?
3
Let u(i) = 662*i**2 + 33*i - 2. Let a be u(2). What is the highest common divisor of a and 24?
24
Suppose 8 + 10 = y. Let j = -7433 + 7847. What is the greatest common factor of j and y?
18
Let v(d) = 18*d**2 + 4*d - 20. Let j be v(4). Suppose 8*c - j - 228 = 0. What is the greatest common factor of 12 and c?
4
Let f(t) = t**2 - 12*t + 8. Let y be f(11). Let k be y/(-12) - ((-321)/12 - 2). Let w = 55 - k. Calculate the greatest common factor of w and 65.
13
Suppose 4*l = 84 - 32. Let x(b) = -2*b**2 - 26*b - 71. Let w be x(-6). What is the highest common factor of l and w?
13
Suppose 9*o - 6 = 7*o. Suppose 0 = o*n - 4*n + 22. Suppose -l + 4*r = -51, 5*l + 2*r - 272 = 5*r. What is the greatest common divisor of l and n?
11
Suppose -21*w = -17*w + 196. Let h = 79 + w. Let f be (-165)/(-5) + -1 + -2. Calculate the highest common divisor of f and h.
30
Let g be ((3 + (-51)/(-18))*-4)/((-10)/1500). What is the greatest common factor of g and 2380?
140
Suppose -2*b + 8 = 2*s + 6, 4*s = 0. Suppose -4*d + 111 = 5*x - 4*x, -4*x = -4*d + 96. Calculate the greatest common divisor of b and d.
1
Let o be (-5*3/(-6) + -2)*(27 + 5). What is the highest common factor of o and 1648?
16
Suppose -72*g + 1282 - 418 = 0. What is the highest common factor of 1998 and g?
6
Let l(x) = -10*x + 537. Let y be l(9). Calculate the highest common factor of y and 9.
3
Let b(u) = 5*u - 109. Let v be b(28). Calculate the highest common divisor of v and 3007.
31
Let i = 59 - 3. Let m be 5*39/((-780)/(-328)) - (-3 - -1). Calculate the greatest common factor of i and m.
28
Suppose 3*b = -a + 32, -2*a - 8*b + 3*b = -62. What is the highest common factor of 10 and a?
2
Let x be (-26)/(-104) + 58/(-8) - -6199. Calculate the highest common divisor of x and 108.
36
Let h(a) = 19*a + 250. Let j be h(-10). Suppose 8*c - c = 756. Calculat